-15). Calculate the greatest common factor of 2 and u.
2
Suppose -66 = -s - s. Calculate the greatest common divisor of 33 and s.
33
Suppose -3*z + 63 = -5*b, -3*z + 68 = 2*z + 4*b. Calculate the greatest common factor of z and 16.
16
Suppose 2*o = -u + 9, -2*o + 4*u = o + 3. Suppose 5*q = -r + 436, 0*q - o*q + 252 = 3*r. Calculate the greatest common factor of q and 8.
8
Suppose b - 22 = a, 5*b - b - 63 = -a. Let t(f) = 15*f - 5. Let p be t(6). Calculate the greatest common factor of p and b.
17
Suppose 2*h + 0*h = 3*g + 194, -396 = -4*h + 2*g. Suppose s = 5*s - 80. Calculate the highest common divisor of h and s.
20
Let k(h) = 32*h - 8. Let q be k(2). What is the highest common factor of q and 4?
4
Suppose 0 = j - 5*j + 20. Suppose 10 = -j*r + 5. Let v be (-1)/(r/13) + -2. What is the greatest common divisor of 22 and v?
11
Suppose 0 = -4*i - 0*c - 2*c + 90, -3*i - 5*c = -57. Let p(b) = b**3 - 8*b**2 + b + 8. Let n be p(8). Calculate the greatest common factor of i and n.
8
Let d = -7 - -9. Let p be (-8 - -2)*d/(-4). Suppose 8 + 2 = 2*i + h, 12 = p*i + 3*h. Calculate the highest common factor of i and 48.
6
Let m = 9 + -7. Let g(c) = 6*c**3 + 2*c**2 - c + 1. Let r be g(m). Calculate the greatest common factor of 22 and r.
11
Suppose 0 = -5*r - h + 229, -5*r - 3*h + 89 = -3*r. Let j be r/(2 + (1 - 1)). What is the greatest common divisor of 207 and j?
23
Suppose 2*m = -2*j + 24, 5*m = -0*m - 15. What is the greatest common divisor of j and 10?
5
Suppose 0 = 3*q - 6*q + 486. What is the highest common factor of 18 and q?
18
Let f(n) = -n**3 - 15*n**2 - 20*n + 14. Let k = -24 + 10. Let g be f(k). What is the greatest common divisor of 14 and g?
14
Let k(z) = -z**2 - 8*z + 8. Let d be k(-8). Let c = d + 3. Suppose 3*a = 2*y + 25, -y = -0*a + 3*a - 37. Calculate the highest common divisor of c and a.
11
Suppose 8 = 2*o - 12. Let p(w) = 9*w + 3*w**2 - w**2 + 0 + 7. Let s be p(-6). What is the greatest common factor of s and o?
5
Suppose 5*m - 3*t - 13 = 0, 5*m = 3*t + 2*t + 15. Let p = m + 3. Suppose -4*f + p*a = -33, 20 = 4*a + 8. What is the highest common factor of 108 and f?
12
Let k(y) = -y**2 - 8*y + 8. Suppose 3*a = 2*g - 14, 5 = -3*a + 4*g + 1. Let p be k(a). What is the highest common factor of 88 and p?
8
Let p be 4/(-16) - 66/(-8). Let n be -2*(4/p + -3). Calculate the highest common factor of 25 and n.
5
Suppose 12 = -5*k + 6*k. Calculate the greatest common factor of k and 18.
6
Let g be 9/12*(-4)/(-1). Let l be 2/g + (-2)/3. Suppose -h + 1 + 4 = l. What is the highest common divisor of h and 10?
5
Suppose 2*v + 3*n = -n + 200, 4*v - 452 = 5*n. Suppose -5*k - 3*d + 60 = -0*d, -4*k + 48 = 5*d. What is the greatest common factor of v and k?
12
Suppose -4*p = 3*g - 16 + 4, -3*p = 0. Let q(z) = -z**3 + 5*z**2 + 2*z - 12. Let v be q(5). Let u = g + v. What is the greatest common divisor of 14 and u?
2
Suppose 5*h = -3*f + 14, -2*f = 3*h - 7*f + 12. What is the greatest common divisor of 5 and h?
1
Let t = -1 + 10. What is the greatest common factor of t and 18?
9
Let h be (-4)/(-6) + (-100)/(-3). What is the greatest common divisor of 85 and h?
17
Suppose 3*z = -z. Suppose z = -a + 53 + 19. What is the greatest common factor of a and 18?
18
Let c be (-11 + 12)*(43 - 1*-2). What is the greatest common divisor of 30 and c?
15
Suppose 2*j = 3 + 3. Let u(k) = 9*k + 1. Let d be u(j). What is the greatest common divisor of d and 42?
14
Let l(o) = -3*o - 5. Let s be l(-5). Calculate the highest common divisor of 25 and s.
5
Suppose 3*b - 42 - 15 = -3*j, 4*j = 2*b - 32. Calculate the greatest common factor of 54 and b.
18
Let w be (-6)/(-4) - (-2)/4. Suppose 0 = 2*f + 6, -w*v = -5*f + 86 - 281. Let r be ((-27)/6)/((-2)/16). What is the highest common factor of r and v?
18
Suppose n - 6*l + l - 9 = 0, 111 = 5*n - 3*l. What is the highest common factor of n and 96?
24
Suppose -k = 3 - 4. Let a(c) = 3*c - 5*c + c + k + 13. Let t be a(7). What is the highest common divisor of 1 and t?
1
Let x = 52 + -52. Let s(p) = -4*p**2 + 2*p - 35. Let w(i) = i**2 - i. Let v(l) = -s(l) - 3*w(l). Let b be v(x). Calculate the highest common divisor of 7 and b.
7
Let y be (15/(-6))/(2/(-4)). Suppose 2*c + 120 = y*c. Calculate the highest common divisor of c and 16.
8
Let h = 4 + 6. Let z(x) = x**2 - 10*x + 14. Let i be z(h). Calculate the greatest common factor of 7 and i.
7
Suppose -4*s - w + 3*w + 458 = 0, -3*s + 3*w = -342. Let t(o) = 15*o + 1. Let n be t(3). Calculate the greatest common factor of s and n.
23
Suppose 0 = 3*a - 426 - 234. What is the greatest common factor of a and 44?
44
Let f(i) = -i - 4. Let c be f(-6). Suppose 0 = c*j - j - 95. Suppose 0 = -5*h + 260 - j. What is the highest common factor of h and 22?
11
Let p be (-2)/(-10) + 465/(-50)*-6. Let g = 47 + -33. Calculate the greatest common divisor of g and p.
14
Suppose 2*g + 3*g - 225 = 0. Let a = 5 + 4. Calculate the greatest common divisor of a and g.
9
Let s(w) = -13*w - 16. Let l be s(-13). Calculate the greatest common divisor of 17 and l.
17
Suppose -b = -4*b + 120. Suppose -2*v + b = 2*v. Suppose 0 = -0*g + 2*g - 220. Calculate the greatest common divisor of g and v.
10
Let o be 0/17 - (-1 + -3)/2. Suppose 0 = 6*m - 3*m - 3. Calculate the greatest common factor of m and o.
1
Suppose 8 + 172 = 3*z. Let w = -6 - -11. Suppose n - w*n + 60 = 0. What is the highest common factor of n and z?
15
Let j(o) = -o**2 + 8*o + 11. Let f be j(8). Let v = 295 - 132. Suppose -5*m = -v - 2. What is the greatest common factor of f and m?
11
Suppose -15 = -2*k - 3*k. What is the greatest common factor of 3 and k?
3
Let x = -74 + 378. What is the greatest common factor of x and 38?
38
Let w = 64 - 16. Suppose -158 = -5*i - w. What is the highest common divisor of i and 44?
22
Suppose -i = 2*i - 5*d - 139, -188 = -4*i + 4*d. What is the highest common divisor of i and 72?
24
Let d(x) = x**3 + 27*x**2 + 51*x + 13. Let l be d(-24). What is the greatest common divisor of 47 and l?
47
Suppose -2*i + 3*f = -13, 6*f = i + 2*f - 4. Suppose -5*o = -26 - 14. What is the greatest common divisor of o and i?
8
Let r be (1 - 12)/((-21)/168). What is the greatest common factor of r and 16?
8
Let l = 60 - -18. What is the greatest common factor of 13 and l?
13
Suppose x + 4 - 2 = -3*z, 4*x - 2*z - 6 = 0. Let a be -1 + 9 - 0/(-1). Let j be (-35)/(-4) + 2/a. Calculate the highest common factor of x and j.
1
Suppose -35 = 4*f - 907. Suppose 29 - f = -3*v. What is the greatest common divisor of 7 and v?
7
Suppose f - 3 + 5 = 0, -l + 4*f = -26. Calculate the greatest common divisor of 45 and l.
9
Let j(k) = 5*k**2 - 3*k - 1. Let f be j(-1). What is the highest common divisor of 49 and f?
7
Let l = -35 + 49. Let r = 267 + -246. What is the highest common factor of r and l?
7
Let r = -58 + 91. What is the highest common factor of 231 and r?
33
Let s = 3 - 0. Let n be s/2*(36 + -2). Suppose 3*y - 237 + n = -5*m, 0 = -m - 2*y + 33. What is the greatest common factor of 13 and m?
13
Suppose 3*r = -5*l + 5*r + 80, -5*r + 48 = 3*l. Calculate the highest common divisor of 64 and l.
16
Suppose 2*c = -1 + 9. Suppose -l = 5*a - 29, 0*l = c*l - 5*a - 16. What is the highest common factor of l and 36?
9
Suppose 1 = 2*m - 7. Suppose -m*s = -403 - 17. Let j = s - 55. What is the highest common divisor of j and 10?
10
Let w = 47 - 27. Let j be (-8)/w - 14/(-10). Calculate the highest common divisor of j and 5.
1
Suppose -24*o = -29*o + 25. Calculate the greatest common divisor of o and 10.
5
Let h be 0/((-1)/(2/2)). Let z be (-1)/((-2)/104) + h. What is the greatest common factor of 13 and z?
13
Suppose -x - 21 = -4*x. Suppose s - 36 = -4*l, -5*l - x = s - 3*s. Suppose m - s = -3*m. What is the highest common factor of 10 and m?
2
Let b = 94 + -65. What is the greatest common factor of 232 and b?
29
Suppose 44 = -8*g + 116. Calculate the highest common divisor of 36 and g.
9
Suppose 0 = 3*z - 4*z + 156. Suppose -d + 2*m - z = -4*d, m + 273 = 5*d. Let i = 5 - -1. What is the greatest common factor of d and i?
6
Let m(g) = -46*g + 17. Let h be m(-8). What is the greatest common divisor of 35 and h?
35
Let i(j) = -3*j + 3. Let v(r) = 4*r - 4. Let s(k) = -3*i(k) - 2*v(k). Suppose -t - 10 = -3*t. Let w be s(t). What is the highest common factor o